60 divide 1368173?
False
Does 102 divide 1869210?
False
Does 44 divide 176111?
False
Is 128158 a multiple of 3?
False
Is 8 a factor of 9480?
True
Is 123 a factor of 5594709?
False
Is 14 a factor of 123086?
False
Does 17 divide 10906?
False
Is 44097 a multiple of 10?
False
Does 20 divide 9697247?
False
Is 4 a factor of 27916?
True
Does 99 divide 609939?
True
Does 505 divide 20705?
True
Is 12 a factor of 2602536?
True
Is 161 a factor of 1296372?
True
Is 238 a factor of 1236251?
False
Does 17 divide 111917?
False
Does 17 divide 163059?
False
Is 38 a factor of 3422372?
False
Is 432 a factor of 199723?
False
Is 5984 a multiple of 34?
True
Is 769887 a multiple of 318?
False
Is 2003780 a multiple of 10?
True
Is 9 a factor of 408970?
False
Is 149874 a multiple of 2?
True
Is 2189530 a multiple of 16?
False
Is 6 a factor of 1031794?
False
Is 371 a factor of 3196582?
False
Does 18 divide 213232?
False
Does 131 divide 9956?
True
Does 21 divide 2675785?
False
Is 182683 even?
False
Is 129750 a multiple of 50?
True
Is 1638138 a multiple of 3?
True
Does 74 divide 3975502?
True
Does 163 divide 301911?
False
Is 955842 a multiple of 102?
True
Does 32 divide 379487?
False
Does 50 divide 100400?
True
Does 20 divide 8655560?
True
Does 3 divide 29247?
True
Is 17489847 a multiple of 1371?
True
Does 9 divide 1228226?
False
Does 2 divide 54047?
False
Is 957460 a multiple of 6?
False
Is 5 a factor of 170951?
False
Does 15 divide 426555?
True
Is 93 a factor of 97278?
True
Is 86 a factor of 14365?
False
Does 7 divide 799573?
False
Does 293 divide 3786732?
True
Is 7753 a multiple of 15?
False
Is 236631 a multiple of 12?
False
Is 16 a factor of 1972240?
True
Is 803210 a multiple of 42?
False
Is 81 a factor of 549300?
False
Does 248 divide 16149760?
True
Is 709 a factor of 12057257?
False
Is 18 a factor of 26928?
True
Is 7 a factor of 62193?
False
Is 461197 a multiple of 442?
False
Is 529893 a multiple of 4?
False
Is 238 a factor of 1292340?
True
Is 1577 a factor of 1736824?
False
Is 4474753 a multiple of 17?
False
Is 110 a factor of 42470?
False
Is 10525165 a multiple of 35?
True
Does 26 divide 23022298?
True
Does 2 divide 1071600?
True
Does 58 divide 1373102?
False
Is 5983939 a multiple of 252?
False
Does 14 divide 163604?
True
Is 47 a factor of 16332?
False
Is 17 a factor of 2120376?
True
Does 584 divide 1258520?
True
Is 13 a factor of 28069497?
False
Is 3687840 a multiple of 39?
True
Does 76 divide 6696213?
False
Is 301728 a multiple of 73?
False
Is 196 a factor of 1598968?
True
Does 7 divide 78330?
True
Does 247 divide 7269612?
False
Is 10399796 a multiple of 44?
True
Does 596 divide 271180?
True
Is 35 a factor of 103355?
True
Is 1127527 even?
False
Does 234 divide 28782?
True
Is 7622 a multiple of 9?
False
Does 13 divide 3964421?
False
Is 787667 a multiple of 31?
False
Is 413 a factor of 635456?
False
Is 27 a factor of 1118282?
False
Is 8 a factor of 98159?
False
Is 128925 a multiple of 2?
False
Is 123551 a multiple of 192?
False
Is 4 a factor of 2391936?
True
Is 285204 a multiple of 423?
False
Is 555839 a multiple of 59?
True
Does 451 divide 78280?
False
Is 2206050 a multiple of 70?
True
Does 21 divide 1287667?
False
Does 9 divide 32154?
False
Does 38 divide 5706156?
True
Is 125429 a multiple of 367?
False
Is 2856756 a multiple of 97?
False
Is 3339567 a multiple of 231?
True
Does 21 divide 915663?
True
Is 14 a factor of 272342?
True
Is 29 a factor of 344120?
False
Is 7265521 a multiple of 648?
False
Is 6 a factor of 68428?
False
Does 8 divide 131016?
True
Is 100 a factor of 1870590?
False
Does 21 divide 11294?
False
Is 3694746 a multiple of 74?
True
Is 8580775 a multiple of 8?
False
Is 993861 a multiple of 99?
True
Is 293148 a multiple of 4?
True
Is 13 a factor of 5950958?
True
Is 302147 a multiple of 618?
False
Is 9812 a multiple of 2?
True
Is 2775960 a multiple of 33?
True
Does 170 divide 170?
True
Is 383265 a multiple of 501?
True
Is 13 a factor of 340262?
True
Does 8 divide 64432?
True
Is 11637702 a multiple of 809?
False
Is 38 a factor of 5461617?
False
Does 3 divide 307941?
True
Is 97179 a multiple of 29?
True
Does 152 divide 728232?
True
Is 5 a factor of 25553?
False
Does 295 divide 1141219?
False
Is 292323 a multiple of 19?
False
Does 178 divide 3206467?
False
Is 1670467 a multiple of 65?
False
Does 150 divide 20700?
True
Is 12 a factor of 14521292?
False
Is 401544 a multiple of 169?
True
Is 934346 a multiple of 92?
False
Does 37 divide 9925?
False
Is 239568 a multiple of 276?
True
Does 92 divide 118956?
True
Does 27 divide 262900?
False
Is 8 a factor of 1935224?
True
Does 77 divide 10444434?
True
Does 300 divide 419100?
True
Is 5122413 a multiple of 15?
False
Is 8 a factor of 10474?
False
Is 30 a factor of 29921778?
False
Does 14 divide 579264?
True
Is 7930 a multiple of 87?
False
Is 7743960 a multiple of 168?
True
Does 247 divide 108433?
True
Is 47 a factor of 183101?
False
Is 1302052 a multiple of 36?
False
Is 4415821 a multiple of 30?
False
Does 264 divide 2849352?
True
Is 24576 a multiple of 17?
False
Is 1527 a factor of 4773512?
False
Is 1490644 a multiple of 5?
False
Is 94 a factor of 2635496?
False
Does 71 divide 29750633?
True
Is 23 a factor of 378488?
True
Is 887922 a multiple of 203?
True
Is 49698 a multiple of 107?
False
Does 10 divide 79060?
True
Is 258658 a multiple of 435?
False
Does 19 divide 21435?
False
Is 8 a factor of 753150?
False
Does 90 divide 194664?
False
Is 83 a factor of 378473?
False
Is 517 a factor of 110461?
False
Is 6058 a multiple of 16?
False
Does 35 divide 4949568?
False
Is 62 a factor of 1636667?
False
Does 39 divide 28275?
True
Is 394537 a multiple of 143?
True
Is 11 a factor of 8405661?
True
Is 373418 a multiple of 13?
False
Is 63 a factor of 106694?
False
Does 57 divide 555579?
True
Is 96720 a multiple of 124?
True
Is 22 a factor of 2856722?
True
Is 1340395 a multiple of 82?
False
Does 133 divide 297963?
False
Is 2188359 a multiple of 451?
False
Is 9 a factor of 7245?
True
Is 32 a factor of 12305162?
False
Does 1038 divide 2673688?
False
Is 241 a factor of 1601204?
True
Does 203 divide 2735628?
True
Is 280 a factor of 223821?
False
Is 265408 a multiple of 31?
False
Is 1139943 a multiple of 19?
True
Is 593 a factor of 14039062?
False
Is 2593175 a multiple of 79?
True
Is 192 a factor of 5184?
True
Is 11 a factor of 80262?
False
Does 35 divide 136443?
False
Does 859 divide 793153?
False
Is 463834 a multiple of 35?
False
Is 284920 a multiple of 34?
True
Is 29 a factor of 1508193?
False
Is 1259380 a multiple of 20?
True
Does 8 divide 270144?
True
Is 6843658 a multiple of 23?
False
Does 91 divide 702631?
False
Is 369062 a multiple of 19?
False
Does 47 divide 1314293?
False
Is 321 a factor of 122301?
True
Is 622459 a multiple of 23?
False
Does 14 divide 152000?
False
Is 99565 a multiple of 11?
False
Does 19 divide 76021?
False
Is 221446 a multiple of 27?
False
Is 211499 a multiple of 184?
False
Is 21 a factor of 1010968?
False
Does 1448 divide 3247864?
True
Is 940 a factor of 4983606?
False
Does 14 divide 130076?
False
Does 15 divide 5107?
False
Is 98 a factor of 348962?
False
Is 15 a factor of 69015?
True
Does 26 divide 238458?
False
Is 41188 a multiple of 14?
True
Is 24 a factor of 37892?
False
Is 13884 a multiple of 534?
True
Does 36 divide 1354766?
False
Is 160 a factor of 211283?
False
Is 16 a factor of 8453?
False
Is 638 a factor of 1538218?
True
Is 322777 a multiple of 67?
False
Does 1091 divide 3714934?
False
Does 5 divide 578670?
True
Does 87 divide 2758880?
False
Does 64 divide 4873536?
True
Does 7 divide 198093?
True
Is 247425 a multiple of 181?
False
Is 4 a factor of 741879?
False
Is 296 a factor of 5328?
True
Is 65 a factor of 2549215?
False
Is 13 a factor of 252356?
True
Is 2 a factor of 47564?
True
Is 719 a factor of 264276?
False
Is 8 a factor of 4953848?
True
Does 26 divide 57858?
False
Is 6 a factor of 90084?
True
Does 70 divide 3492532?
False
Is 6 a factor of 129776?
False
Is 11668486 a multiple of 1157?
False
Is 3206900 a multiple of 20?
True
Is 1152284 a multiple of 38?
False
Is 604 a factor of 2899737?
False
Is 29 a factor of 1711886?
False
Is 425 a factor of 6629205?
False
Is 15 a factor of 766031?
False
Does 110 divide 1728821?
False
Is 278 a factor of 236022?
True
Does 444 divide 822732?
True
Is 3790